{"id":25875,"date":"2023-07-20T08:29:33","date_gmt":"2023-07-20T06:29:33","guid":{"rendered":"https:\/\/opi.org.pl\/kpo\/?page_id=25875"},"modified":"2025-03-14T13:21:02","modified_gmt":"2025-03-14T12:21:02","slug":"krajowy-plan-odbudowy","status":"publish","type":"page","link":"https:\/\/opi.org.pl\/kpo\/","title":{"rendered":"Krajowy Plan Odbudowy"},"content":{"rendered":"\n<div class=\"wp-block-group alignwide kpo\"><div class=\"wp-block-group__inner-container is-layout-flow wp-block-group-is-layout-flow\">\n<figure class=\"wp-block-image size-full desktop\"><img decoding=\"async\" src=\"https:\/\/opi.org.pl\/kpo\/wp-content\/uploads\/2023\/07\/kpo-logotypy.svg\" alt=\"Zestaw Logotyp\u00f3w: Krajowy Plan Odbudowy, Rzeczpospolita Polska, Sfinansowane przez Uni\u0119 Europejsk\u0105 Next GenerationEU\" class=\"wp-image-25876\"\/><\/figure>\n\n\n\n<figure class=\"wp-block-image size-full mobile\"><img decoding=\"async\" src=\"https:\/\/opi.org.pl\/kpo\/wp-content\/uploads\/2023\/07\/kpo-logotypy-mobile.svg\" alt=\"Zestaw Logotyp\u00f3w: Krajowy Plan Odbudowy, Rzeczpospolita Polska, Sfinansowane przez Uni\u0119 Europejsk\u0105 Next GenerationEU\" class=\"wp-image-25877\"\/><\/figure>\n<\/div><\/div>\n\n\n\n<div class=\"wp-block-group alignwide kpo\"><div class=\"wp-block-group__inner-container is-layout-flow wp-block-group-is-layout-flow\">\n<h2 class=\"wp-block-heading\">O KPO<\/h2>\n\n\n\n<p>Krajowy Plan Odbudowy i&nbsp;Zwi\u0119kszania Odporno\u015bci (KPO) jest planem rozwojowym, kt\u00f3ry&nbsp;okre\u015bla cele zwi\u0105zane ze&nbsp;wzmocnieniem odporno\u015bci spo\u0142eczno-gospodarczej Polski po&nbsp;kryzysie COVID-19, a&nbsp;tak\u017ce reformy i&nbsp;inwestycje s\u0142u\u017c\u0105ce realizacji tych cel\u00f3w. <\/p>\n\n\n\n<p>Celem strategicznym KPO jest odbudowa potencja\u0142u rozwojowego gospodarki i tworzenie trwa\u0142ej konkurencyjno\u015bci kraju, a w konsekwencji &#8211;&nbsp;wzrost poziomu \u017cycia spo\u0142ecze\u0144stwa.<\/p>\n\n\n\n<div class=\"wp-block-group\"><div class=\"wp-block-group__inner-container is-layout-constrained wp-block-group-is-layout-constrained\">\n<p><strong>Cele szczeg\u00f3\u0142owe to: <\/strong><\/p>\n\n\n\n<ol style=\"list-style-type:1\" class=\"wp-block-list\">\n<li>Innowacyjny rozw\u00f3j gospodarki zwi\u0119kszaj\u0105cy jej produktywno\u015b\u0107, z&nbsp;uwzgl\u0119dnieniem transformacji cyfrowej kraju i&nbsp;spo\u0142ecze\u0144stwa;<\/li>\n\n\n\n<li>Zielona transformacja gospodarki oraz rozw\u00f3j zielonej, inteligentnej mobilno\u015bci;<\/li>\n\n\n\n<li>Wzrost kapita\u0142u spo\u0142ecznego i jako\u015bci \u017cycia, w szczeg\u00f3lno\u015bci poprzez zapewnienie poprawy stanu zdrowia obywateli oraz wy\u017cszej jako\u015bci edukacji i umiej\u0119tno\u015bci dostosowanych do potrzeb nowoczesnej gospodarki.<\/li>\n<\/ol>\n<\/div><\/div>\n\n\n\n<p>KPO obejmuje sze\u015b\u0107 obszar\u00f3w reform i&nbsp;inwestycji:<br><strong>A. Odporno\u015b\u0107 i&nbsp;konkurencyjno\u015b\u0107 gospodarki;<\/strong><br>B.&nbsp;Zielona energia i&nbsp;zmniejszenie energoch\u0142onno\u015bci;<br>C. Transformacja cyfrowa;<br>D. Efektywno\u015b\u0107, dost\u0119pno\u015b\u0107 i&nbsp;jako\u015b\u0107 systemu ochrony zdrowia;<br>E. Zielona, inteligentna mobilno\u015b\u0107;<br>F. Poprawa jako\u015bci instytucji i&nbsp;warunk\u00f3w realizacji KPO.<\/p>\n\n\n\n<p><a class=\"button external\" rel=\"noreferrer noopener\" href=\"https:\/\/www.gov.pl\/web\/planodbudowy\/o-kpo\" data-type=\"URL\" data-id=\"https:\/\/www.gov.pl\/web\/planodbudowy\/o-kpo\" target=\"_blank\">Dowiedz si\u0119 wi\u0119cej o KPO<\/a><\/p>\n\n\n\n<h2 class=\"wp-block-heading\">O konkursach<\/h2>\n\n\n\n<p>Nasze konkursy s\u0105 realizowane w&nbsp;obszarze A i maj\u0105 na celu rozw\u00f3j narodowego systemu innowacji oraz&nbsp;wzmocnienie mechanizm\u00f3w wsp\u00f3\u0142pracy pomi\u0119dzy sektorem nauki i&nbsp;przemys\u0142em. Inwestycja w&nbsp;rozbudow\u0119 potencja\u0142u badawczego zapewni&nbsp;skuteczny transfer wiedzy i&nbsp;innowacji do&nbsp;gospodarki.<\/p>\n\n\n\n<p>Zadaniem konkurs\u00f3w jest wy\u0142onienie przedsi\u0119wzi\u0119\u0107, kt\u00f3re przyczyni\u0105 si\u0119 do&nbsp;osi\u0105gni\u0119cia celu tej inwestycji KPO, tj.&nbsp;do&nbsp;rozwoju infrastruktury badawczej umieszczonej na&nbsp;Polskiej Mapie Infrastruktury Badawczej (PMIB) oraz&nbsp;w ramach przedsi\u0119wzi\u0119\u0107 realizowanych przez &nbsp;podmioty Sieci Badawczej \u0141ukasiewicz.<\/p>\n\n\n\n<p>Rozw\u00f3j infrastruktury musi by\u0107 po\u0142\u0105czony z&nbsp;wprowadzeniem procedur zarz\u0105dzania wykorzystaniem infrastruktury na&nbsp;potrzeby przedsi\u0119biorc\u00f3w i&nbsp;innych podmiot\u00f3w oraz&nbsp;procedur zarz\u0105dzania transferem wiedzy do&nbsp;gospodarki i&nbsp;komercjalizacji.<\/p>\n\n\n\n<p><\/p>\n\n\n\n<figure class=\"wp-block-table is-style-regular\" style=\"font-size:12px\"><table><thead><tr><th>Komponent<\/th><th>Komponent A: Odporno\u015b\u0107 i konkurencyjno\u015b\u0107 gospodarki<\/th><\/tr><\/thead><tbody><tr><td>Cel szczeg\u00f3\u0142owy<\/td><td>A2. Rozw\u00f3j narodowego systemu innowacji: wzmocnienie koordynacji, stymulowanie potencja\u0142u innowacyjnego oraz wsp\u00f3\u0142pracy pomi\u0119dzy przedsi\u0119biorstwami i organizacjami badawczymi, w tym w zakresie technologii \u015brodowiskowych<\/td><\/tr><tr><td>Reforma<\/td><td>A2.4. Wzmocnienie mechanizm\u00f3w wsp\u00f3\u0142pracy pomi\u0119dzy sektorem nauki oraz przemys\u0142em<\/td><\/tr><tr><td>Cel reformy<\/td><td>Zapewnienie efektywnego transferu wiedzy i innowacji do  gospodarki, w tym w zakresie cyfryzacji i zielonej gospodarki<\/td><\/tr><tr><td>Inwestycja<\/td><td>A2.4.1. Inwestycje w rozbudow\u0119 potencja\u0142u badawczego<\/td><\/tr><tr><td>Cel inwestycji<\/td><td>Zwi\u0119kszenie poda\u017cy wiedzy i innowacji w gospodarce dzi\u0119ki dost\u0119pno\u015bci nowoczesnej infrastruktury badawczej poprzez zapewnienie jej nowoczesno\u015bci technologicznej oraz zdolno\u015b\u0107 prowadzenia bada\u0144 szczeg\u00f3lnie w obszarach kluczowych (zdrowia, cyfryzacji, bezpiecze\u0144stwa \u017cywno\u015bci, odporno\u015bci na zmiany klimatu, zielonej gospodarki, inteligentnej mobilno\u015bci \u2013 w zakresie m.in. nanotechnologii, technologii j\u0105drowej, in\u017cynierii biomedycznej, zarz\u0105dzania energi\u0105, paliw alternatywnych czy sektora \u017cywno\u015bciowego<\/td><\/tr><\/tbody><\/table><\/figure>\n\n\n\n<h2 class=\"wp-block-heading\">Bud\u017cet konkurs\u00f3w<\/h2>\n\n\n\n<p><strong>II Nab\u00f3r<\/strong><\/p>\n\n\n\n<p>a. <strong>243&nbsp;328&nbsp;089,22 z\u0142<\/strong> \u2013 Schemat A: Infrastruktura badawcza \u2013 przedsi\u0119wzi\u0119cia z&nbsp;Polskiej Mapy Infrastruktury Badawczej<br>b. <strong>46&nbsp;429&nbsp;928,15 z\u0142<\/strong> \u2013 Schemat B: Infrastruktura badawcza \u2013 przedsi\u0119wzi\u0119cia realizowane przez&nbsp;Sie\u0107 Badawcz\u0105 \u0141ukasiewicz<\/p>\n\n\n\n<p><strong>I Nab\u00f3r<\/strong><\/p>\n\n\n\n<ol style=\"list-style-type:lower-alpha\" class=\"wp-block-list\">\n<li><strong>540 829 571,78<\/strong> <strong>z\u0142<\/strong> &#8211; Schemat A: Infrastruktura badawcza \u2013 przedsi\u0119wzi\u0119cia z Polskiej Mapy Infrastruktury Badawczej<\/li>\n\n\n\n<li><strong>849 750 255,85 z\u0142<\/strong> &#8211; Schemat B: Infrastruktura badawcza \u2013 przedsi\u0119wzi\u0119cia realizowane przez Sie\u0107 Badawcz\u0105 \u0141ukasiewicz<\/li>\n<\/ol>\n\n\n\n<h2 class=\"wp-block-heading\">Harmonogram konkurs\u00f3w<\/h2>\n\n\n\n<p><strong>II Nab\u00f3r<\/strong><\/p>\n\n\n\n<ul class=\"wp-block-list\">\n<li>Data og\u0142oszenia konkurs\u00f3w: 28 grudnia 2023 r. <\/li>\n\n\n\n<li>Rozpocz\u0119cie naboru wniosk\u00f3w: 29 grudnia 2023 r. od godz. 9:00<\/li>\n\n\n\n<li>Zako\u0144czenie naboru wniosk\u00f3w: 31 stycznia 2024 r. do godz. 16:00<\/li>\n\n\n\n<li>Przewidywany termin og\u0142oszenia wynik\u00f3w oceny przedsi\u0119wzi\u0119\u0107: 100 dni od zako\u0144czenia naboru.<\/li>\n<\/ul>\n\n\n\n<p><strong>I Nab\u00f3r<\/strong><\/p>\n\n\n\n<ul class=\"wp-block-list\">\n<li>Data og\u0142oszenia konkurs\u00f3w: 28.07.2023 r.<\/li>\n\n\n\n<li>Rozpocz\u0119cie naboru wniosk\u00f3w: 31.07.2023 r. godz. 9.00<\/li>\n\n\n\n<li>Zako\u0144czenie naboru wniosk\u00f3w: 30.11.2023 r. godz. 16.00 (termin przed\u0142u\u017cony)<\/li>\n\n\n\n<li>Przewidywany termin og\u0142oszenia wynik\u00f3w oceny przedsi\u0119wzi\u0119\u0107: 161 dni od zako\u0144czenia naboru.<\/li>\n<\/ul>\n\n\n\n<p><\/p>\n\n\n\n<h2 class=\"wp-block-heading\">Prezentacja o konkursach<\/h2>\n\n\n\n<p><a href=\"https:\/\/opi.org.pl\/kpo\/wp-content\/uploads\/2023\/09\/Prezentacja_OPI_PIB_KPO_publikacja.pdf\" data-type=\"link\" data-id=\"https:\/\/opi.org.pl\/kpo\/wp-content\/uploads\/2023\/09\/Prezentacja_OPI_PIB_KPO_publikacja.pdf\"><strong>Zobacz<\/strong><\/a> prezentacj\u0119 o naborach A2.4.1 KPO<\/p>\n\n\n\n<h2 class=\"wp-block-heading\">Kontakt<\/h2>\n\n\n\n<p>e-mail: <strong><a href=\"mailto:kpo@opi.org.pl\">kpo@opi.org.pl<\/a><\/strong><\/p>\n\n\n\n<p>telefon: <strong>453 014&nbsp;862 <\/strong>oraz<strong> <strong>504 725&nbsp;814<\/strong><\/strong><\/p>\n<\/div><\/div>\n\n\n\n<div class=\"wp-block-group alignwide kpo\"><div class=\"wp-block-group__inner-container is-layout-constrained wp-block-group-is-layout-constrained\">\n<div class=\"wp-block-buttons alignwide is-horizontal is-content-justification-space-between is-layout-flex wp-container-core-buttons-is-layout-9262d1ff wp-block-buttons-is-layout-flex\">\n<div class=\"wp-block-button\"><a class=\"wp-block-button__link wp-element-button\" href=\"https:\/\/opi.org.pl\/kpo\/nabory\/\">Przejd\u017a do nabor\u00f3w<\/a><\/div>\n<\/div>\n<\/div><\/div>\n","protected":false},"excerpt":{"rendered":"<p>O KPO Krajowy Plan Odbudowy i&nbsp;Zwi\u0119kszania Odporno\u015bci (KPO) jest planem rozwojowym, kt\u00f3ry&nbsp;okre\u015bla cele zwi\u0105zane ze&nbsp;wzmocnieniem odporno\u015bci spo\u0142eczno-gospodarczej Polski po&nbsp;kryzysie COVID-19, a&nbsp;tak\u017ce reformy i&nbsp;inwestycje s\u0142u\u017c\u0105ce realizacji tych cel\u00f3w. Celem strategicznym KPO jest odbudowa potencja\u0142u rozwojowego gospodarki i tworzenie trwa\u0142ej konkurencyjno\u015bci kraju, a w konsekwencji &#8211;&nbsp;wzrost poziomu \u017cycia spo\u0142ecze\u0144stwa. Cele szczeg\u00f3\u0142owe to: KPO obejmuje sze\u015b\u0107 obszar\u00f3w reform [&hellip;]<\/p>\n","protected":false},"author":2,"featured_media":0,"parent":0,"menu_order":0,"comment_status":"closed","ping_status":"closed","template":"page-template-single.php","meta":{"footnotes":"","_links_to":"","_links_to_target":""},"class_list":["post-25875","page","type-page","status-publish","hentry"],"_links":{"self":[{"href":"https:\/\/opi.org.pl\/kpo\/wp-json\/wp\/v2\/pages\/25875","targetHints":{"allow":["GET"]}}],"collection":[{"href":"https:\/\/opi.org.pl\/kpo\/wp-json\/wp\/v2\/pages"}],"about":[{"href":"https:\/\/opi.org.pl\/kpo\/wp-json\/wp\/v2\/types\/page"}],"author":[{"embeddable":true,"href":"https:\/\/opi.org.pl\/kpo\/wp-json\/wp\/v2\/users\/2"}],"replies":[{"embeddable":true,"href":"https:\/\/opi.org.pl\/kpo\/wp-json\/wp\/v2\/comments?post=25875"}],"version-history":[{"count":52,"href":"https:\/\/opi.org.pl\/kpo\/wp-json\/wp\/v2\/pages\/25875\/revisions"}],"predecessor-version":[{"id":26725,"href":"https:\/\/opi.org.pl\/kpo\/wp-json\/wp\/v2\/pages\/25875\/revisions\/26725"}],"wp:attachment":[{"href":"https:\/\/opi.org.pl\/kpo\/wp-json\/wp\/v2\/media?parent=25875"}],"curies":[{"name":"wp","href":"https:\/\/api.w.org\/{rel}","templated":true}]}}

<div class="wp-block-group alignwide kpo"><div class="wp-block-group__inner-container is-layout-flow wp-block-group-is-layout-flow">
<figure class="wp-block-image size-full desktop"><img decoding="async" src="https://opi.org.pl/kpo/wp-content/uploads/2023/07/kpo-logotypy.svg" alt="Zestaw Logotypów: Krajowy Plan Odbudowy, Rzeczpospolita Polska, Sfinansowane przez Unię Europejską Next GenerationEU" class="wp-image-25876"/></figure>



<figure class="wp-block-image size-full mobile"><img decoding="async" src="https://opi.org.pl/kpo/wp-content/uploads/2023/07/kpo-logotypy-mobile.svg" alt="Zestaw Logotypów: Krajowy Plan Odbudowy, Rzeczpospolita Polska, Sfinansowane przez Unię Europejską Next GenerationEU" class="wp-image-25877"/></figure>
</div></div>



<div class="wp-block-group alignwide kpo"><div class="wp-block-group__inner-container is-layout-flow wp-block-group-is-layout-flow">
<h2 class="wp-block-heading">O KPO</h2>



<p>Krajowy Plan Odbudowy i&nbsp;Zwiększania Odporności (KPO) jest planem rozwojowym, który&nbsp;określa cele związane ze&nbsp;wzmocnieniem odporności społeczno-gospodarczej Polski po&nbsp;kryzysie COVID-19, a&nbsp;także reformy i&nbsp;inwestycje służące realizacji tych celów. </p>



<p>Celem strategicznym KPO jest odbudowa potencjału rozwojowego gospodarki i tworzenie trwałej konkurencyjności kraju, a w konsekwencji &#8211;&nbsp;wzrost poziomu życia społeczeństwa.</p>



<div class="wp-block-group"><div class="wp-block-group__inner-container is-layout-constrained wp-block-group-is-layout-constrained">
<p><strong>Cele szczegółowe to: </strong></p>



<ol style="list-style-type:1" class="wp-block-list">
<li>Innowacyjny rozwój gospodarki zwiększający jej produktywność, z&nbsp;uwzględnieniem transformacji cyfrowej kraju i&nbsp;społeczeństwa;</li>



<li>Zielona transformacja gospodarki oraz rozwój zielonej, inteligentnej mobilności;</li>



<li>Wzrost kapitału społecznego i jakości życia, w szczególności poprzez zapewnienie poprawy stanu zdrowia obywateli oraz wyższej jakości edukacji i umiejętności dostosowanych do potrzeb nowoczesnej gospodarki.</li>
</ol>
</div></div>



<p>KPO obejmuje sześć obszarów reform i&nbsp;inwestycji:<br><strong>A. Odporność i&nbsp;konkurencyjność gospodarki;</strong><br>B.&nbsp;Zielona energia i&nbsp;zmniejszenie energochłonności;<br>C. Transformacja cyfrowa;<br>D. Efektywność, dostępność i&nbsp;jakość systemu ochrony zdrowia;<br>E. Zielona, inteligentna mobilność;<br>F. Poprawa jakości instytucji i&nbsp;warunków realizacji KPO.</p>



<p><a class="button external" rel="noreferrer noopener" href="https://www.gov.pl/web/planodbudowy/o-kpo" data-type="URL" data-id="https://www.gov.pl/web/planodbudowy/o-kpo" target="_blank">Dowiedz się więcej o KPO</a></p>



<h2 class="wp-block-heading">O konkursach</h2>



<p>Nasze konkursy są realizowane w&nbsp;obszarze A i mają na celu rozwój narodowego systemu innowacji oraz&nbsp;wzmocnienie mechanizmów współpracy pomiędzy sektorem nauki i&nbsp;przemysłem. Inwestycja w&nbsp;rozbudowę potencjału badawczego zapewni&nbsp;skuteczny transfer wiedzy i&nbsp;innowacji do&nbsp;gospodarki.</p>



<p>Zadaniem konkursów jest wyłonienie przedsięwzięć, które przyczynią się do&nbsp;osiągnięcia celu tej inwestycji KPO, tj.&nbsp;do&nbsp;rozwoju infrastruktury badawczej umieszczonej na&nbsp;Polskiej Mapie Infrastruktury Badawczej (PMIB) oraz&nbsp;w ramach przedsięwzięć realizowanych przez &nbsp;podmioty Sieci Badawczej Łukasiewicz.</p>



<p>Rozwój infrastruktury musi być połączony z&nbsp;wprowadzeniem procedur zarządzania wykorzystaniem infrastruktury na&nbsp;potrzeby przedsiębiorców i&nbsp;innych podmiotów oraz&nbsp;procedur zarządzania transferem wiedzy do&nbsp;gospodarki i&nbsp;komercjalizacji.</p>



<p></p>



<figure class="wp-block-table is-style-regular" style="font-size:12px"><table><thead><tr><th>Komponent</th><th>Komponent A: Odporność i konkurencyjność gospodarki</th></tr></thead><tbody><tr><td>Cel szczegółowy</td><td>A2. Rozwój narodowego systemu innowacji: wzmocnienie koordynacji, stymulowanie potencjału innowacyjnego oraz współpracy pomiędzy przedsiębiorstwami i organizacjami badawczymi, w tym w zakresie technologii środowiskowych</td></tr><tr><td>Reforma</td><td>A2.4. Wzmocnienie mechanizmów współpracy pomiędzy sektorem nauki oraz przemysłem</td></tr><tr><td>Cel reformy</td><td>Zapewnienie efektywnego transferu wiedzy i innowacji do  gospodarki, w tym w zakresie cyfryzacji i zielonej gospodarki</td></tr><tr><td>Inwestycja</td><td>A2.4.1. Inwestycje w rozbudowę potencjału badawczego</td></tr><tr><td>Cel inwestycji</td><td>Zwiększenie podaży wiedzy i innowacji w gospodarce dzięki dostępności nowoczesnej infrastruktury badawczej poprzez zapewnienie jej nowoczesności technologicznej oraz zdolność prowadzenia badań szczególnie w obszarach kluczowych (zdrowia, cyfryzacji, bezpieczeństwa żywności, odporności na zmiany klimatu, zielonej gospodarki, inteligentnej mobilności – w zakresie m.in. nanotechnologii, technologii jądrowej, inżynierii biomedycznej, zarządzania energią, paliw alternatywnych czy sektora żywnościowego</td></tr></tbody></table></figure>



<h2 class="wp-block-heading">Budżet konkursów</h2>



<p><strong>II Nabór</strong></p>



<p>a. <strong>243&nbsp;328&nbsp;089,22 zł</strong> – Schemat A: Infrastruktura badawcza – przedsięwzięcia z&nbsp;Polskiej Mapy Infrastruktury Badawczej<br>b. <strong>46&nbsp;429&nbsp;928,15 zł</strong> – Schemat B: Infrastruktura badawcza – przedsięwzięcia realizowane przez&nbsp;Sieć Badawczą Łukasiewicz</p>



<p><strong>I Nabór</strong></p>



<ol style="list-style-type:lower-alpha" class="wp-block-list">
<li><strong>540 829 571,78</strong> <strong>zł</strong> &#8211; Schemat A: Infrastruktura badawcza – przedsięwzięcia z Polskiej Mapy Infrastruktury Badawczej</li>



<li><strong>849 750 255,85 zł</strong> &#8211; Schemat B: Infrastruktura badawcza – przedsięwzięcia realizowane przez Sieć Badawczą Łukasiewicz</li>
</ol>



<h2 class="wp-block-heading">Harmonogram konkursów</h2>



<p><strong>II Nabór</strong></p>



<ul class="wp-block-list">
<li>Data ogłoszenia konkursów: 28 grudnia 2023 r. </li>



<li>Rozpoczęcie naboru wniosków: 29 grudnia 2023 r. od godz. 9:00</li>



<li>Zakończenie naboru wniosków: 31 stycznia 2024 r. do godz. 16:00</li>



<li>Przewidywany termin ogłoszenia wyników oceny przedsięwzięć: 100 dni od zakończenia naboru.</li>
</ul>



<p><strong>I Nabór</strong></p>



<ul class="wp-block-list">
<li>Data ogłoszenia konkursów: 28.07.2023 r.</li>



<li>Rozpoczęcie naboru wniosków: 31.07.2023 r. godz. 9.00</li>



<li>Zakończenie naboru wniosków: 30.11.2023 r. godz. 16.00 (termin przedłużony)</li>



<li>Przewidywany termin ogłoszenia wyników oceny przedsięwzięć: 161 dni od zakończenia naboru.</li>
</ul>



<p></p>



<h2 class="wp-block-heading">Prezentacja o konkursach</h2>



<p><a href="https://opi.org.pl/kpo/wp-content/uploads/2023/09/Prezentacja_OPI_PIB_KPO_publikacja.pdf" data-type="link" data-id="https://opi.org.pl/kpo/wp-content/uploads/2023/09/Prezentacja_OPI_PIB_KPO_publikacja.pdf"><strong>Zobacz</strong></a> prezentację o naborach A2.4.1 KPO</p>



<h2 class="wp-block-heading">Kontakt</h2>



<p>e-mail: <strong><a href="mailto:kpo@opi.org.pl">kpo@opi.org.pl</a></strong></p>



<p>telefon: <strong>453 014&nbsp;862 </strong>oraz<strong> <strong>504 725&nbsp;814</strong></strong></p>
</div></div>



<div class="wp-block-group alignwide kpo"><div class="wp-block-group__inner-container is-layout-constrained wp-block-group-is-layout-constrained">
<div class="wp-block-buttons alignwide is-horizontal is-content-justification-space-between is-layout-flex wp-container-core-buttons-is-layout-9262d1ff wp-block-buttons-is-layout-flex">
<div class="wp-block-button"><a class="wp-block-button__link wp-element-button" href="https://opi.org.pl/kpo/nabory/">Przejdź do naborów</a></div>
</div>
</div></div>

<p>O KPO Krajowy Plan Odbudowy i&nbsp;Zwiększania Odporności (KPO) jest planem rozwojowym, który&nbsp;określa cele związane ze&nbsp;wzmocnieniem odporności społeczno-gospodarczej Polski po&nbsp;kryzysie COVID-19, a&nbsp;także reformy i&nbsp;inwestycje służące realizacji tych celów. Celem strategicznym KPO jest odbudowa potencjału rozwojowego gospodarki i tworzenie trwałej konkurencyjności kraju, a w konsekwencji &#8211;&nbsp;wzrost poziomu życia społeczeństwa. Cele szczegółowe to: KPO obejmuje sześć obszarów reform [&hellip;]</p>
