{"id":38,"date":"2024-01-22T11:56:01","date_gmt":"2024-01-22T11:56:01","guid":{"rendered":"https:\/\/feng.test\/?page_id=38"},"modified":"2024-10-14T08:29:42","modified_gmt":"2024-10-14T08:29:42","slug":"nabory","status":"publish","type":"page","link":"https:\/\/opi.org.pl\/feng\/nabory\/","title":{"rendered":"Nabory"},"content":{"rendered":"\n<p>Zobacz dokumentacj\u0119 i wyniki nabor\u00f3w og\u0142aszanych przez OPI w ramach Dzia\u0142ania 2.4 Badawcza Infrastruktura Nowoczesnej Gospodarki. <\/p>\n\n\n\n<p>Ka\u017cdy nab\u00f3r dzieli si\u0119 na schemat przeznaczony dla przedsi\u0119wzi\u0119\u0107 z Polskiej Mapy Infrastruktury Badawczej i schemat przeznaczony dla przedsi\u0119wzi\u0119\u0107 instytucji sieciowych.<\/p>\n","protected":false},"excerpt":{"rendered":"<p>Zobacz dokumentacj\u0119 i wyniki nabor\u00f3w og\u0142aszanych przez OPI w ramach Dzia\u0142ania 2.4 Badawcza Infrastruktura Nowoczesnej Gospodarki. Ka\u017cdy nab\u00f3r dzieli si\u0119 na schemat przeznaczony dla przedsi\u0119wzi\u0119\u0107 z Polskiej Mapy Infrastruktury Badawczej i schemat przeznaczony dla przedsi\u0119wzi\u0119\u0107 instytucji sieciowych.<\/p>\n","protected":false},"author":2,"featured_media":0,"parent":0,"menu_order":0,"comment_status":"closed","ping_status":"closed","template":"templates\/recruitment.php","meta":{"footnotes":"","_links_to":"","_links_to_target":""},"class_list":["post-38","page","type-page","status-publish","hentry"],"_links":{"self":[{"href":"https:\/\/opi.org.pl\/feng\/wp-json\/wp\/v2\/pages\/38","targetHints":{"allow":["GET"]}}],"collection":[{"href":"https:\/\/opi.org.pl\/feng\/wp-json\/wp\/v2\/pages"}],"about":[{"href":"https:\/\/opi.org.pl\/feng\/wp-json\/wp\/v2\/types\/page"}],"author":[{"embeddable":true,"href":"https:\/\/opi.org.pl\/feng\/wp-json\/wp\/v2\/users\/2"}],"replies":[{"embeddable":true,"href":"https:\/\/opi.org.pl\/feng\/wp-json\/wp\/v2\/comments?post=38"}],"version-history":[{"count":3,"href":"https:\/\/opi.org.pl\/feng\/wp-json\/wp\/v2\/pages\/38\/revisions"}],"predecessor-version":[{"id":1007,"href":"https:\/\/opi.org.pl\/feng\/wp-json\/wp\/v2\/pages\/38\/revisions\/1007"}],"wp:attachment":[{"href":"https:\/\/opi.org.pl\/feng\/wp-json\/wp\/v2\/media?parent=38"}],"curies":[{"name":"wp","href":"https:\/\/api.w.org\/{rel}","templated":true}]}}