{"id":22,"date":"2024-01-19T12:57:03","date_gmt":"2024-01-19T12:57:03","guid":{"rendered":"https:\/\/feng.test\/?page_id=22"},"modified":"2026-02-26T10:47:19","modified_gmt":"2026-02-26T09:47:19","slug":"promocja-projektu","status":"publish","type":"page","link":"https:\/\/opi.org.pl\/feng\/strefa-beneficjenta\/promocja-projektu\/","title":{"rendered":"Promocja projektu"},"content":{"rendered":"\n<p>Jako beneficjent musisz informowa\u0107 opini\u0119 publiczn\u0105 o otrzymaniu dofinansowania na realizacj\u0119 projektu. Robisz to w czasie trwania projektu i po jego zako\u0144czeniu, w okresie trwa\u0142o\u015bci projektu. To, co i jak komunikowa\u0107, opisuje zwi\u0119\u017ale <a href=\"https:\/\/opi.org.pl\/feng\/wp-content\/uploads\/2025\/03\/Podrecznik_wnioskodawcy_i_beneficjenta_FE_2021_27w_zakresie_informacji_i_promocji-3.pdf\" target=\"_blank\" rel=\"noreferrer noopener\"><strong>Podr\u0119cznik wnioskodawcy i beneficjenta Funduszy Europejskich na lata 2021\u20132027 w zakresie informacji i promocji<\/strong><\/a>, a tak\u017ce umowa o dofinansowanie. Skr\u00f3t tych informacji przedstawiamy poni\u017cej.<\/p>\n\n\n\n<p><\/p>\n\n\n\n<div style=\"height:6px\" aria-hidden=\"true\" class=\"wp-block-spacer\"><\/div>\n\n\n\n<h2 class=\"wp-block-heading\">Przed z\u0142o\u017ceniem wniosku<\/h2>\n\n\n\n<p>Obowi\u0105zek informacyjny wi\u0105\u017ce beneficjenta od momentu podpisania umowy o udzielenie pomocy finansowej.<\/p>\n\n\n\n<p>Jednak ju\u017c przed z\u0142o\u017ceniem wniosku w konkursie FENG, warto stworzy\u0107 <strong>tytu\u0142 projektu<\/strong> z my\u015bl\u0105 o jego wykorzystaniu w komunikacji i promocji. Tytu\u0142 musi oddawa\u0107 sens przedsi\u0119wzi\u0119cia, by\u0107 prosty, zrozumia\u0142y dla wszystkich, niezbyt d\u0142ugi i \u2013 je\u015bli to mo\u017cliwe \u2013 nietechniczny.<\/p>\n\n\n\n<p>Tak\u017ce zawarty we wniosku kr\u00f3tki <strong>opis projektu<\/strong> musi w spos\u00f3b zwi\u0119z\u0142y i zrozumia\u0142y przedstawia\u0107 przedmiot i g\u0142\u00f3wne za\u0142o\u017cenia projektu. Opis powinien odpowiada\u0107 na pytania:<\/p>\n\n\n\n<ol class=\"wp-block-list\">\n<li>Jaki jest cel lub cele projektu?<\/li>\n\n\n\n<li>Jakie s\u0105 jego grupy docelowe (kto z niego skorzysta)?<\/li>\n\n\n\n<li>Co zostanie zrobione w projekcie?<\/li>\n\n\n\n<li>Jakie s\u0105 jego planowane efekty, rezultaty?<\/li>\n<\/ol>\n\n\n\n<div style=\"height:6px\" aria-hidden=\"true\" class=\"wp-block-spacer\"><\/div>\n\n\n\n<h2 class=\"wp-block-heading\">Po podpisaniu umowy<\/h2>\n\n\n\n<p>Twoim obowi\u0105zkiem jest informowanie o uzyskanym dofinansowaniu z Funduszy Europejskich. Aby to zrobi\u0107, musisz:<\/p>\n\n\n\n<ol class=\"wp-block-list\">\n<li><strong>Zamie\u015bci\u0107 znaki: Funduszy Europejskich dla Nowoczesnej Gospodarki, barw RP i Unii Europejskiej<\/strong> na:\n<ul class=\"wp-block-list\">\n<li>wszystkich dzia\u0142aniach informacyjnych i promocyjnych dotycz\u0105cych projektu, takich jak: publikacje, notatki prasowe, strony internetowe, mailing, wszelkie materia\u0142y promocyjne, konferencje, spotkania,<\/li>\n\n\n\n<li>dokumentach zwi\u0105zanych z realizacj\u0105 projektu, kt\u00f3re podajesz do wiadomo\u015bci publicznej, np. dokumentacji przetargowej, og\u0142oszeniach, wzorach um\u00f3w,<\/li>\n\n\n\n<li>materia\u0142ach dla os\u00f3b i podmiot\u00f3w uczestnicz\u0105cych w projekcie, np. za\u015bwiadczeniach, zaproszeniach, programach szkole\u0144,<\/li>\n\n\n\n<li>produktach, sprz\u0119cie, pojazdach, aparaturze itp., powsta\u0142ych lub zakupionych w projekcie, poprzez umieszczenie na nich trwa\u0142ych naklejek;<\/li>\n<\/ul>\n<\/li>\n\n\n\n<li><strong>W tre\u015bci materia\u0142\u00f3w poda\u0107 rzeteln\u0105 informacj\u0119 o dofinansowaniu projektu z Unii Europejskiej. <\/strong>Co wa\u017cne \u2013 s\u0142ownej informacji o \u017ar\u00f3dle finansowania projektu nie zast\u0119puje umieszczenie zestawienia znak\u00f3w, obie formy \u2013 graficzna i s\u0142owna \u2013 musz\u0105 by\u0107 w ka\u017cdym materiale, je\u015bli tylko jest to mo\u017cliwe;<\/li>\n\n\n\n<li><strong>Oznaczy\u0107 miejsce realizacji projektu<\/strong> przez umieszczenie tablicy informacyjnej lub plakatu (w zale\u017cno\u015bci od kosztu projektu) niezw\u0142ocznie po rozpocz\u0119ciu fizycznej realizacji przedsi\u0119wzi\u0119cia;<\/li>\n\n\n\n<li><strong>Umie\u015bci\u0107 opis projektu na swojej stronie internetowej i w mediach spo\u0142eczno\u015bciowych<\/strong>;<\/li>\n\n\n\n<li><strong>Poinformowa\u0107 Instytucj\u0119 Po\u015brednicz\u0105c\u0105, czyli OPI, o wa\u017cnych etapach w projekcie i planowanych wydarzeniach<\/strong> informacyjnych i promocyjnych zwi\u0105zanych z realizacj\u0105 projektu;<\/li>\n\n\n\n<li>Je\u017celi ca\u0142kowity koszt projektu przekracza 10 mln euro lub projekt ma znaczenie strategiczne, musisz <strong>zorganizowa\u0107 wydarzenie informacyjno-promocyjne<\/strong> w wa\u017cnym momencie realizacji projektu, np. na otwarcie projektu, zako\u0144czenie projektu lub jego wa\u017cnego etapu, a do udzia\u0142u w wydarzeniu zaprosi\u0107 przedstawicieli Komisji Europejskiej i Instytucji Zarz\u0105dzaj\u0105cej (MFiPR);<\/li>\n\n\n\n<li><strong>Dokumentowa\u0107 dzia\u0142ania informacyjne i promocyjne<\/strong> prowadzone w projekcie, aby mie\u0107 dow\u00f3d, \u017ce Twoje obowi\u0105zki w tym zakresie zosta\u0142y wype\u0142nione.<\/li>\n<\/ol>\n\n\n\n<p>Je\u017celi nie wywi\u0105\u017cesz si\u0119 z podstawowych obowi\u0105zk\u00f3w informacyjnych i promocyjnych, zostaniesz zobowi\u0105zana do dzia\u0142a\u0144 zaradczych. Je\u015bli nie zrealizujesz tych dzia\u0142a\u0144, dofinansowanie projektu mo\u017ce by\u0107 <strong>pomniejszone o warto\u015b\u0107 do 3% kwoty dofinansowania<\/strong>.<\/p>\n\n\n\n<div style=\"height:6px\" aria-hidden=\"true\" class=\"wp-block-spacer\"><\/div>\n\n\n\n<h2 class=\"wp-block-heading\">Wzory materia\u0142\u00f3w<\/h2>\n\n\n\n<p>Wzory materia\u0142\u00f3w dla beneficjent\u00f3w programu Fundusze Europejskie dla Nowoczesnej Gospodarki, takie jak zestawienia znak\u00f3w (logotyp\u00f3w), tablice czy naklejki, znajduj\u0105 si\u0119 na <a href=\"https:\/\/nowoczesnagospodarka.gov.pl\/promocja-programu\/\" target=\"_blank\" rel=\"noreferrer noopener\" class=\"external\">stronie Funduszy Europejskich.<\/a> Tam znajdziesz tak\u017ce Ksi\u0119g\u0119 To\u017csamo\u015bci Wizualnej marki Fundusze Europejskie, kt\u00f3ra zawiera szczeg\u00f3\u0142owe informacje o zasadach wizualizacji oraz Strategi\u0119 komunikacji programu FENG.<\/p>\n\n\n\n<p>Polecamy tak\u017ce zapoznanie si\u0119 z sekcj\u0105 cz\u0119sto zadawanych pyta\u0144 <a href=\"https:\/\/www.funduszeunijne.gov.pl\/strony\/o-funduszach\/fundusze-2021-2027\/prawo-i-dokumenty\/najczesciej-zadawane-pytania\/\" target=\"_blank\" rel=\"noreferrer noopener\" class=\"external\">FAQ na Portalu Funduszy Europejskich<\/a>, gdzie doprecyzowane s\u0105 niekt\u00f3re kluczowe zapisy Podr\u0119cznika.<\/p>\n\n\n\n<p><\/p>\n","protected":false},"excerpt":{"rendered":"<p>Jako beneficjent musisz informowa\u0107 opini\u0119 publiczn\u0105 o otrzymaniu dofinansowania na realizacj\u0119 projektu. Robisz to w czasie trwania projektu i po jego zako\u0144czeniu, w okresie trwa\u0142o\u015bci projektu. To, co i jak komunikowa\u0107, opisuje zwi\u0119\u017ale Podr\u0119cznik wnioskodawcy i beneficjenta Funduszy Europejskich na lata 2021\u20132027 w zakresie informacji i promocji, a tak\u017ce umowa o dofinansowanie. Skr\u00f3t tych informacji&hellip;<\/p>\n","protected":false},"author":2,"featured_media":426,"parent":18,"menu_order":400,"comment_status":"closed","ping_status":"closed","template":"","meta":{"footnotes":"","_links_to":"","_links_to_target":""},"class_list":["post-22","page","type-page","status-publish","has-post-thumbnail","hentry"],"_links":{"self":[{"href":"https:\/\/opi.org.pl\/feng\/wp-json\/wp\/v2\/pages\/22","targetHints":{"allow":["GET"]}}],"collection":[{"href":"https:\/\/opi.org.pl\/feng\/wp-json\/wp\/v2\/pages"}],"about":[{"href":"https:\/\/opi.org.pl\/feng\/wp-json\/wp\/v2\/types\/page"}],"author":[{"embeddable":true,"href":"https:\/\/opi.org.pl\/feng\/wp-json\/wp\/v2\/users\/2"}],"replies":[{"embeddable":true,"href":"https:\/\/opi.org.pl\/feng\/wp-json\/wp\/v2\/comments?post=22"}],"version-history":[{"count":10,"href":"https:\/\/opi.org.pl\/feng\/wp-json\/wp\/v2\/pages\/22\/revisions"}],"predecessor-version":[{"id":1671,"href":"https:\/\/opi.org.pl\/feng\/wp-json\/wp\/v2\/pages\/22\/revisions\/1671"}],"up":[{"embeddable":true,"href":"https:\/\/opi.org.pl\/feng\/wp-json\/wp\/v2\/pages\/18"}],"wp:featuredmedia":[{"embeddable":true,"href":"https:\/\/opi.org.pl\/feng\/wp-json\/wp\/v2\/media\/426"}],"wp:attachment":[{"href":"https:\/\/opi.org.pl\/feng\/wp-json\/wp\/v2\/media?parent=22"}],"curies":[{"name":"wp","href":"https:\/\/api.w.org\/{rel}","templated":true}]}}