{"id":116,"date":"2024-01-24T07:23:20","date_gmt":"2024-01-24T07:23:20","guid":{"rendered":"https:\/\/feng.test\/?page_id=116"},"modified":"2024-02-22T08:22:21","modified_gmt":"2024-02-22T08:22:21","slug":"fundusze-europejskie-dla-nowoczesnej-gospodarki","status":"publish","type":"page","link":"https:\/\/opi.org.pl\/feng\/","title":{"rendered":"Fundusze Europejskie dla Nowoczesnej Gospodarki"},"content":{"rendered":"\n<p>Rozw\u00f3j strategicznej infrastruktury badawczej, kt\u00f3ra u\u0142atwi polskim przedsi\u0119biorstwom wprowadzanie innowacji i korzystanie z osi\u0105gni\u0119\u0107 nauki.<\/p>\n\n\n\n<div class=\"wp-block-buttons is-layout-flex wp-block-buttons-is-layout-flex\">\n<div class=\"wp-block-button\"><a class=\"wp-block-button__link wp-element-button\" href=\"https:\/\/opi.org.pl\/feng\/o-feng\/\">Dowiedz si\u0119 wi\u0119cej<\/a><\/div>\n<\/div>\n","protected":false},"excerpt":{"rendered":"<p>Rozw\u00f3j strategicznej infrastruktury badawczej, kt\u00f3ra u\u0142atwi polskim przedsi\u0119biorstwom wprowadzanie innowacji i korzystanie z osi\u0105gni\u0119\u0107 nauki.<\/p>\n","protected":false},"author":2,"featured_media":0,"parent":0,"menu_order":0,"comment_status":"closed","ping_status":"closed","template":"","meta":{"footnotes":"","_links_to":"","_links_to_target":""},"class_list":["post-116","page","type-page","status-publish","hentry"],"_links":{"self":[{"href":"https:\/\/opi.org.pl\/feng\/wp-json\/wp\/v2\/pages\/116","targetHints":{"allow":["GET"]}}],"collection":[{"href":"https:\/\/opi.org.pl\/feng\/wp-json\/wp\/v2\/pages"}],"about":[{"href":"https:\/\/opi.org.pl\/feng\/wp-json\/wp\/v2\/types\/page"}],"author":[{"embeddable":true,"href":"https:\/\/opi.org.pl\/feng\/wp-json\/wp\/v2\/users\/2"}],"replies":[{"embeddable":true,"href":"https:\/\/opi.org.pl\/feng\/wp-json\/wp\/v2\/comments?post=116"}],"version-history":[{"count":1,"href":"https:\/\/opi.org.pl\/feng\/wp-json\/wp\/v2\/pages\/116\/revisions"}],"predecessor-version":[{"id":462,"href":"https:\/\/opi.org.pl\/feng\/wp-json\/wp\/v2\/pages\/116\/revisions\/462"}],"wp:attachment":[{"href":"https:\/\/opi.org.pl\/feng\/wp-json\/wp\/v2\/media?parent=116"}],"curies":[{"name":"wp","href":"https:\/\/api.w.org\/{rel}","templated":true}]}}