{"id":1125,"date":"2025-01-27T13:49:53","date_gmt":"2025-01-27T13:49:53","guid":{"rendered":"https:\/\/opi.org.pl\/feng\/?page_id=1125"},"modified":"2025-08-06T09:55:02","modified_gmt":"2025-08-06T07:55:02","slug":"nabor-ekspertow-2025","status":"publish","type":"page","link":"https:\/\/opi.org.pl\/feng\/eksperci-2\/nabor-ekspertow-2025\/","title":{"rendered":"Nab\u00f3r Ekspert\u00f3w 2025"},"content":{"rendered":"\n<p><strong>O\u015aRODEK PRZETWARZANIA INFORMACJI \u2013 PA\u0143STWOWY INSTYTUT BADAWCZY <\/strong><\/p>\n\n\n\n<p><strong>og\u0142asza nab\u00f3r na&nbsp;Ekspert\u00f3w OPI PIB<\/strong><br><strong>oceniaj\u0105cych wnioski o&nbsp;dofinansowanie w&nbsp;ramach Programu Fundusze Europejskie dla Nowoczesnej Gospodarki (FENG) 2021-2027, dzia\u0142anie 2.4 Badawcza Infrastruktura Nowoczesnej Gospodarki.<\/strong><\/p>\n\n\n\n<p>Pocz\u0105tek naboru: 27.01.2025&nbsp;r., godz.&nbsp;16:00.<br><strong>Nab\u00f3r ma charakter ci\u0105g\u0142y i trwa od daty wskazanej powy\u017cej w og\u0142oszeniu o naborze Ekspert\u00f3w do momentu opublikowania informacji o jego zako\u0144czeniu<\/strong> (co nast\u0105pi z wyprzedzeniem co najmniej 2 tygodni), nie d\u0142u\u017cej jednak ni\u017c do ko\u0144ca okresu wyboru projekt\u00f3w do dofinansowania w ramach dzia\u0142ania 2.4 FENG.<\/p>\n\n\n\n<p>Nab\u00f3r odbywa si\u0119 w&nbsp;Systemie Naboru Ekspert\u00f3w, w&nbsp;skr\u00f3cie <strong>SNE,<\/strong> dost\u0119pnym pod&nbsp;adresem<br><strong><u><a href=\"https:\/\/sne.opi.org.pl\" class=\"external\">https:\/\/sne.opi.org.pl<\/a><\/u><\/strong>.<br>Ka\u017cdy kandydat na&nbsp;Eksperta musi utworzy\u0107 swoje konto w&nbsp;systemie SNE.<\/p>\n\n\n\n<p><strong>Nab\u00f3r Ekspert\u00f3w dotyczy dziedzin: nauka, gospodarka, analiza finansowa i&nbsp;ekonomiczna, budownictwo, wycena wk\u0142adu niepieni\u0119\u017cnego.<\/strong><\/p>\n\n\n\n<p>Zach\u0119camy do&nbsp;zapoznania si\u0119 z&nbsp;<strong>zasadami naboru i&nbsp;kryteriami oceny<\/strong> os\u00f3b ubiegaj\u0105cych si\u0119 o&nbsp;status Eksperta. S\u0105&nbsp;one okre\u015blone w&nbsp;<strong>Regulaminie naboru Ekspert\u00f3w do&nbsp;programu Fundusze Europejskie dla Nowoczesnej Gospodarki (FENG) 2021-2027<\/strong> oraz&nbsp;w&nbsp;za\u0142\u0105cznikach do&nbsp;Regulaminu. Regulamin wraz z&nbsp;za\u0142\u0105cznikami publikujemy poni\u017cej. <\/p>\n\n\n\n<p>Zadania os\u00f3b, kt\u00f3re zostan\u0105 wpisane do Wykazu Ekspert\u00f3w OPI PIB w ramach FENG, b\u0119d\u0105 polega\u0107 w szczeg\u00f3lno\u015bci na: uczestniczeniu w ocenie spe\u0142nienia kryteri\u00f3w wyboru projekt\u00f3w, rozpatrywaniu protest\u00f3w, opiniowaniu zmian w projektach na etapie realizacji umowy o dofinansowanie, uczestniczeniu w kontroli projekt\u00f3w oraz wykonywaniu innych dzia\u0142a\u0144 wymagaj\u0105cych zaanga\u017cowania Eksperta. <\/p>\n\n\n\n<p><\/p>\n\n\n\n<p>Zach\u0119camy do aplikowania w systemie SNE!<\/p>\n\n\n\n<ul class=\"wp-block-list\">\n<li><a href=\"https:\/\/opi.org.pl\/feng\/wp-content\/uploads\/2025\/01\/Regulamin-naboru-Ekspertow-FENG.pdf\" target=\"_blank\" rel=\"noreferrer noopener\">Regulamin naboru Ekspert\u00f3w FENG<\/a><\/li>\n\n\n\n<li><a href=\"https:\/\/opi.org.pl\/feng\/wp-content\/uploads\/2025\/01\/Zalacznik-nr-1-do-RnE_Wzor-formularza-zgloszeniowego-kandydata-na-Eksperta.pdf\" target=\"_blank\" rel=\"noreferrer noopener\">Za\u0142\u0105cznik nr&nbsp;1 Wz\u00f3r formularza zg\u0142oszeniowego kandydata na&nbsp;Eksperta<\/a><\/li>\n\n\n\n<li><a href=\"https:\/\/opi.org.pl\/feng\/wp-content\/uploads\/2025\/07\/Zalacznik-nr-2-Kwoty-wynagrodzenia-dla-Ekspertow-FENG-13062025j.pdf\" target=\"_blank\" rel=\"noreferrer noopener\">Za\u0142\u0105cznik nr&nbsp;2 Kwoty wynagrodzenia dla Ekspert\u00f3w FENG<\/a> (zmiana 16.07.2025 r.)<\/li>\n\n\n\n<li><a href=\"https:\/\/opi.org.pl\/feng\/wp-content\/uploads\/2025\/01\/Zalacznik-nr-2-Kwoty-wynagrodzenia-dla-Ekspertow-FENG.pdf\" target=\"_blank\" rel=\"noreferrer noopener\">Za\u0142\u0105cznik nr\u00a02 Kwoty wynagrodzenia dla Ekspert\u00f3w FENG<\/a> (wa\u017cny do 15.07.2025 r.)<\/li>\n\n\n\n<li><a href=\"https:\/\/opi.org.pl\/feng\/wp-content\/uploads\/2025\/01\/Zalacznik-nr-3-Protokol-odbioru-zlecenia.pdf\" target=\"_blank\" rel=\"noreferrer noopener\">Za\u0142\u0105cznik nr&nbsp;3 Protok\u00f3\u0142 odbioru zlecenia<\/a><\/li>\n\n\n\n<li><a href=\"https:\/\/opi.org.pl\/feng\/wp-content\/uploads\/2025\/01\/Zalacznik-nr-4-Formularz-oceny-pracy-Eksperta.pdf\" target=\"_blank\" rel=\"noreferrer noopener\">Za\u0142\u0105cznik nr&nbsp;4 Formularz oceny pracy Eksperta<\/a><\/li>\n\n\n\n<li><a href=\"https:\/\/opi.org.pl\/feng\/wp-content\/uploads\/2025\/01\/Zalacznik-nr-5-OSWIADCZENIE-ZLECENIOBIORCY-obowiazujace-od-2024-roku-klauzula-informacyjna.pdf\" target=\"_blank\" rel=\"noreferrer noopener\">Za\u0142\u0105cznik nr&nbsp;5 O\u015bwiadczenie zleceniobiorcy obowi\u0105zuj\u0105ce od&nbsp;2024 roku \u2013 klauzula informacyjna<\/a><\/li>\n\n\n\n<li><a href=\"https:\/\/opi.org.pl\/feng\/wp-content\/uploads\/2025\/01\/Wzor-umowy-dla-eksperta-FENG.pdf\" target=\"_blank\" rel=\"noreferrer noopener\">Wz\u00f3r umowy dla eksperta FENG<\/a><\/li>\n<\/ul>\n\n\n\n<p>Poni\u017cszy s\u0142ownik s\u0142\u00f3w kluczowych pozwala precyzyjnie okre\u015bli\u0107 obszary wiedzy i&nbsp;naukowych zainteresowa\u0144 Ekspert\u00f3w. Prosimy kandydat\u00f3w na&nbsp;Ekspert\u00f3w o&nbsp;wykorzystanie s\u0142\u00f3w kluczowych podczas tworzenia konta w&nbsp;systemie SNE.<\/p>\n\n\n\n<p><a href=\"https:\/\/opi.org.pl\/feng\/wp-content\/uploads\/2025\/06\/slowa-kluczowe-v.3.xlsx\" target=\"_blank\" rel=\"noreferrer noopener\">S\u0142ownik S\u0142\u00f3w Kluczowych<\/a><\/p>\n\n\n\n<p><strong>Komunikat<\/strong><br>Zgodnie z pkt 4 Regulaminu naboru ekspert\u00f3w, okre\u015blaj\u0105cym wymagania dla eksperta, IP dokona\u0142a korekty omy\u0142ki pisarskiej w Systemie Naboru Ekspert\u00f3w w kryterium merytorycznym dla eksperta z zakresu wyceny wk\u0142adu niepieni\u0119\u017cnego, w pkt 4.3.1.2 dotycz\u0105cym wyceny nieruchomo\u015bci:<br><br><strong>by\u0142o <\/strong>&#8211; Udokumentowane do\u015bwiadczenie w przygotowaniu minimum 5 operat\u00f3w szacunkowych zgodnie z przepisami ustawy o gospodarce nieruchomo\u015bciami (w okresie ostatnich 3 lat);<br><strong>jest <\/strong>&#8211; Udokumentowane do\u015bwiadczenie w przygotowaniu minimum 3 operat\u00f3w szacunkowych zgodnie z przepisami ustawy o gospodarce nieruchomo\u015bciami (w okresie ostatnich 5 lat).<\/p>\n\n\n\n<p>Wszelkie pytania zwi\u0105zane z naborem Ekspert\u00f3w nale\u017cy kierowa\u0107 na adres <strong>sne@opi.org.pl<\/strong> lub na numer telefonu <strong>519 054 566<\/strong>.<\/p>\n","protected":false},"excerpt":{"rendered":"<p>O\u015aRODEK PRZETWARZANIA INFORMACJI \u2013 PA\u0143STWOWY INSTYTUT BADAWCZY og\u0142asza nab\u00f3r na&nbsp;Ekspert\u00f3w OPI PIBoceniaj\u0105cych wnioski o&nbsp;dofinansowanie w&nbsp;ramach Programu Fundusze Europejskie dla Nowoczesnej Gospodarki (FENG) 2021-2027, dzia\u0142anie 2.4 Badawcza Infrastruktura Nowoczesnej Gospodarki. Pocz\u0105tek naboru: 27.01.2025&nbsp;r., godz.&nbsp;16:00.Nab\u00f3r ma charakter ci\u0105g\u0142y i trwa od daty wskazanej powy\u017cej w og\u0142oszeniu o naborze Ekspert\u00f3w do momentu opublikowania informacji o jego zako\u0144czeniu (co&hellip;<\/p>\n","protected":false},"author":3,"featured_media":0,"parent":42,"menu_order":200,"comment_status":"closed","ping_status":"closed","template":"","meta":{"footnotes":"","_links_to":"","_links_to_target":""},"class_list":["post-1125","page","type-page","status-publish","hentry"],"_links":{"self":[{"href":"https:\/\/opi.org.pl\/feng\/wp-json\/wp\/v2\/pages\/1125","targetHints":{"allow":["GET"]}}],"collection":[{"href":"https:\/\/opi.org.pl\/feng\/wp-json\/wp\/v2\/pages"}],"about":[{"href":"https:\/\/opi.org.pl\/feng\/wp-json\/wp\/v2\/types\/page"}],"author":[{"embeddable":true,"href":"https:\/\/opi.org.pl\/feng\/wp-json\/wp\/v2\/users\/3"}],"replies":[{"embeddable":true,"href":"https:\/\/opi.org.pl\/feng\/wp-json\/wp\/v2\/comments?post=1125"}],"version-history":[{"count":19,"href":"https:\/\/opi.org.pl\/feng\/wp-json\/wp\/v2\/pages\/1125\/revisions"}],"predecessor-version":[{"id":1465,"href":"https:\/\/opi.org.pl\/feng\/wp-json\/wp\/v2\/pages\/1125\/revisions\/1465"}],"up":[{"embeddable":true,"href":"https:\/\/opi.org.pl\/feng\/wp-json\/wp\/v2\/pages\/42"}],"wp:attachment":[{"href":"https:\/\/opi.org.pl\/feng\/wp-json\/wp\/v2\/media?parent=1125"}],"curies":[{"name":"wp","href":"https:\/\/api.w.org\/{rel}","templated":true}]}}