{"id":26054,"date":"2022-07-07T11:32:33","date_gmt":"2022-07-07T09:32:33","guid":{"rendered":"https:\/\/opi.org.pl\/?post_type=opi_publication&#038;p=26054"},"modified":"2022-07-07T11:32:34","modified_gmt":"2022-07-07T09:32:34","slug":"anatomical-variants-of-the-acromioclavicular-joint-infuence-its-visibility-in-the-standard-mri-protocol-in-patients-aged-18-31-years","status":"publish","type":"opi_publication","link":"https:\/\/opi.org.pl\/en\/opi_publication\/anatomical-variants-of-the-acromioclavicular-joint-infuence-its-visibility-in-the-standard-mri-protocol-in-patients-aged-18-31-years\/","title":{"rendered":"Anatomical variants of the acromioclavicular joint infuence its visibility in the standard MRI protocol in patients aged 18\u201331 years"},"content":{"rendered":"<p class=\"opi-publication-authors\">Fredrik Helleberg, Piotr Sobecki, Rafa\u0142 J\u00f3\u017awiak, Pawe\u0142 Szaro<\/p><p class=\"opi-publication-where\"><span class=\"year\">2022<\/span> Surgical and Radiologic Anatomy, doi.org\/10.1007\/s00276-022-02973-0<\/p><p class=\"opi-publication-url\"><a href=\"https:\/\/link.springer.com\/article\/10.1007\/s00276-022-02973-0#citeas\" aria-label=\"Anatomical variants of the acromioclavicular joint infuence its visibility in the standard MRI protocol in patients aged 18\u201331 years\" target=\"_blank\">https:\/\/link.springer.com\/article\/10.1007\/s00276-022-02973-0#citeas<\/a><\/p>","protected":false},"excerpt":{"rendered":"<p>Fredrik Helleberg, Piotr Sobecki, Rafa\u0142 J\u00f3\u017awiak, Pawe\u0142 Szaro2022 Surgical and Radiologic Anatomy, doi.org\/10.1007\/s00276-022-02973-0https:\/\/link.springer.com\/article\/10.1007\/s00276-022-02973-0#citeas<\/p>\n","protected":false},"template":"","meta":{"_links_to":"","_links_to_target":""},"class_list":["post-26054","opi_publication","type-opi_publication","status-publish","hentry"],"_links":{"self":[{"href":"https:\/\/opi.org.pl\/en\/wp-json\/wp\/v2\/opi_publication\/26054","targetHints":{"allow":["GET"]}}],"collection":[{"href":"https:\/\/opi.org.pl\/en\/wp-json\/wp\/v2\/opi_publication"}],"about":[{"href":"https:\/\/opi.org.pl\/en\/wp-json\/wp\/v2\/types\/opi_publication"}],"wp:attachment":[{"href":"https:\/\/opi.org.pl\/en\/wp-json\/wp\/v2\/media?parent=26054"}],"curies":[{"name":"wp","href":"https:\/\/api.w.org\/{rel}","templated":true}]}}

<p class="opi-publication-authors">Fredrik Helleberg, Piotr Sobecki, Rafał Jóźwiak, Paweł Szaro</p><p class="opi-publication-where"><span class="year">2022</span> Surgical and Radiologic Anatomy, doi.org/10.1007/s00276-022-02973-0</p><p class="opi-publication-url"><a href="https://link.springer.com/article/10.1007/s00276-022-02973-0#citeas" aria-label="Anatomical variants of the acromioclavicular joint infuence its visibility in the standard MRI protocol in patients aged 18–31 years" target="_blank">https://link.springer.com/article/10.1007/s00276-022-02973-0#citeas</a></p>

<p>Fredrik Helleberg, Piotr Sobecki, Rafał Jóźwiak, Paweł Szaro2022 Surgical and Radiologic Anatomy, doi.org/10.1007/s00276-022-02973-0https://link.springer.com/article/10.1007/s00276-022-02973-0#citeas</p>
