{"id":24015,"date":"2021-04-09T13:42:16","date_gmt":"2021-04-09T11:42:16","guid":{"rendered":"https:\/\/opi.org.pl\/?post_type=opi_publication&#038;p=24015"},"modified":"2021-07-22T10:00:52","modified_gmt":"2021-07-22T08:00:52","slug":"substance-use-disorder-status-moderates-the-association-between-personality-traits-and-problematic-mobile-phone-internet-use","status":"publish","type":"opi_publication","link":"https:\/\/opi.org.pl\/en\/opi_publication\/substance-use-disorder-status-moderates-the-association-between-personality-traits-and-problematic-mobile-phone-internet-use\/","title":{"rendered":"Substance Use Disorder Status Moderates the Association between Personality Traits and Problematic Mobile Phone\/Internet Use"},"content":{"rendered":"<p class=\"opi-publication-authors\">Marta Demkow-Jania, Maciej Kopera, Elisa M. Trucco, Pawe\u0142 Kobyli\u0144ski, Anna Klimkiewicz, Ma\u0142gorzata Abramowska, Anna Mach, Andrzej Jakubczyk<\/p><p class=\"opi-publication-where\"><span class=\"year\">2021<\/span> Journal of Clinical Medicine, T. 10, z. 5, Art. no 919.<\/p><p class=\"opi-publication-url\"><a href=\"https:\/\/www.mdpi.com\/2077-0383\/10\/5\/919\/pdf\" aria-label=\"Substance Use Disorder Status Moderates the Association between Personality Traits and Problematic Mobile Phone\/Internet Use\" target=\"_blank\">https:\/\/www.mdpi.com\/2077-0383\/10\/5\/919\/pdf<\/a><\/p>","protected":false},"excerpt":{"rendered":"<p>Marta Demkow-Jania, Maciej Kopera, Elisa M. Trucco, Pawe\u0142 Kobyli\u0144ski, Anna Klimkiewicz, Ma\u0142gorzata Abramowska, Anna Mach, Andrzej Jakubczyk2021 Journal of Clinical Medicine, T. 10, z. 5, Art. no 919.https:\/\/www.mdpi.com\/2077-0383\/10\/5\/919\/pdf<\/p>\n","protected":false},"template":"","meta":{"_links_to":"","_links_to_target":""},"class_list":["post-24015","opi_publication","type-opi_publication","status-publish","hentry"],"_links":{"self":[{"href":"https:\/\/opi.org.pl\/en\/wp-json\/wp\/v2\/opi_publication\/24015","targetHints":{"allow":["GET"]}}],"collection":[{"href":"https:\/\/opi.org.pl\/en\/wp-json\/wp\/v2\/opi_publication"}],"about":[{"href":"https:\/\/opi.org.pl\/en\/wp-json\/wp\/v2\/types\/opi_publication"}],"wp:attachment":[{"href":"https:\/\/opi.org.pl\/en\/wp-json\/wp\/v2\/media?parent=24015"}],"curies":[{"name":"wp","href":"https:\/\/api.w.org\/{rel}","templated":true}]}}

<p class="opi-publication-authors">Marta Demkow-Jania, Maciej Kopera, Elisa M. Trucco, Paweł Kobyliński, Anna Klimkiewicz, Małgorzata Abramowska, Anna Mach, Andrzej Jakubczyk</p><p class="opi-publication-where"><span class="year">2021</span> Journal of Clinical Medicine, T. 10, z. 5, Art. no 919.</p><p class="opi-publication-url"><a href="https://www.mdpi.com/2077-0383/10/5/919/pdf" aria-label="Substance Use Disorder Status Moderates the Association between Personality Traits and Problematic Mobile Phone/Internet Use" target="_blank">https://www.mdpi.com/2077-0383/10/5/919/pdf</a></p>

<p>Marta Demkow-Jania, Maciej Kopera, Elisa M. Trucco, Paweł Kobyliński, Anna Klimkiewicz, Małgorzata Abramowska, Anna Mach, Andrzej Jakubczyk2021 Journal of Clinical Medicine, T. 10, z. 5, Art. no 919.https://www.mdpi.com/2077-0383/10/5/919/pdf</p>
