{"id":23272,"date":"2020-11-10T12:31:04","date_gmt":"2020-11-10T11:31:04","guid":{"rendered":"https:\/\/opi.org.pl\/opi_publication\/co-po-nowym-zarzadzaniu-publicznym-prognozowane-kierunki-przeksztalcen-instytucjonalnych-w-polskim-systemie-ochrony-zdrowia\/"},"modified":"2022-02-15T13:53:19","modified_gmt":"2022-02-15T12:53:19","slug":"co-po-nowym-zarzadzaniu-publicznym-prognozowane-kierunki-przeksztalcen-instytucjonalnych-w-polskim-systemie-ochrony-zdrowia","status":"publish","type":"opi_publication","link":"https:\/\/opi.org.pl\/en\/opi_publication\/co-po-nowym-zarzadzaniu-publicznym-prognozowane-kierunki-przeksztalcen-instytucjonalnych-w-polskim-systemie-ochrony-zdrowia\/","title":{"rendered":"Co po nowym zarz\u0105dzaniu publicznym? Prognozowane kierunki przekszta\u0142ce\u0144 instytucjonalnych w polskim systemie ochrony zdrowia."},"content":{"rendered":"<p class=\"opi-publication-authors\">Dawid Sze\u015bci\u0142o, \u0141ukasz Wid\u0142a - Domaradzki<\/p><p class=\"opi-publication-where\"><span class=\"year\">2017<\/span> PRAWO EUROPEJSKIE W PRAKTYCE, z. 9\/10 (159\/160), s. 69-75<\/p><p class=\"opi-publication-url\"><a href=\"http:\/\/worldcat.org\/identities\/viaf-306406102\/\" aria-label=\"Co po nowym zarz\u0105dzaniu publicznym? Prognozowane kierunki przekszta\u0142ce\u0144 instytucjonalnych w polskim systemie ochrony zdrowia.\" target=\"_blank\">http:\/\/worldcat.org\/identities\/viaf-306406102\/<\/a><\/p>","protected":false},"excerpt":{"rendered":"<p>Dawid Sze\u015bci\u0142o, \u0141ukasz Wid\u0142a &#8211; Domaradzki2017 PRAWO EUROPEJSKIE W PRAKTYCE, z. 9\/10 (159\/160), s. 69-75http:\/\/worldcat.org\/identities\/viaf-306406102\/<\/p>\n","protected":false},"template":"","meta":{"_links_to":"","_links_to_target":""},"class_list":["post-23272","opi_publication","type-opi_publication","status-publish","hentry"],"_links":{"self":[{"href":"https:\/\/opi.org.pl\/en\/wp-json\/wp\/v2\/opi_publication\/23272","targetHints":{"allow":["GET"]}}],"collection":[{"href":"https:\/\/opi.org.pl\/en\/wp-json\/wp\/v2\/opi_publication"}],"about":[{"href":"https:\/\/opi.org.pl\/en\/wp-json\/wp\/v2\/types\/opi_publication"}],"wp:attachment":[{"href":"https:\/\/opi.org.pl\/en\/wp-json\/wp\/v2\/media?parent=23272"}],"curies":[{"name":"wp","href":"https:\/\/api.w.org\/{rel}","templated":true}]}}

Co po nowym zarządzaniu publicznym? Prognozowane kierunki przekształceń instytucjonalnych w polskim systemie ochrony zdrowia.

<p class="opi-publication-authors">Dawid Sześciło, Łukasz Widła - Domaradzki</p><p class="opi-publication-where"><span class="year">2017</span> PRAWO EUROPEJSKIE W PRAKTYCE, z. 9/10 (159/160), s. 69-75</p><p class="opi-publication-url"><a href="http://worldcat.org/identities/viaf-306406102/" aria-label="Co po nowym zarządzaniu publicznym? Prognozowane kierunki przekształceń instytucjonalnych w polskim systemie ochrony zdrowia." target="_blank">http://worldcat.org/identities/viaf-306406102/</a></p>

<p>Dawid Sześciło, Łukasz Widła &#8211; Domaradzki2017 PRAWO EUROPEJSKIE W PRAKTYCE, z. 9/10 (159/160), s. 69-75http://worldcat.org/identities/viaf-306406102/</p>
